*2. Let x(r) be the first derivative of z(r). List the prime factors of x(5).
2, 7
What are the prime factors of 638 - 0/((-11)/((-33)/6))?
2, 11, 29
Let t(d) = 5 + 9*d**2 + 15 + 7 - 9 + 7*d. What are the prime factors of t(-4)?
2, 67
List the prime factors of (2 - 0) + -6 - (-361 + -98).
5, 7, 13
Let u be (-1 + 3)*(-60)/8. Let g = 17 + u. Suppose -5*l + g*x = -38 - 17, -3*l + 4*x + 19 = 0. List the prime factors of l.
13
Let n(u) be the second derivative of -u**5/20 - u**4/12 - 4*u**3/3 - 13*u**2/2 + 27*u. What are the prime factors of n(-4)?
67
Suppose -16*w + 9*w + 3598 = 0. What are the prime factors of w?
2, 257
Let l be (9/(-9))/(2/(-8)). Suppose -l*f - 10 = v + 2*v, -f - 2 = v. Suppose -v*c - c + 47 = q, 0 = -4*c - 3*q + 56. List the prime factors of c.
17
Suppose -35*v = -29*v - 2466. List the prime factors of v.
3, 137
Let h = 77 - 75. Suppose -126 = -q + y, h*q - 4*y + y - 251 = 0. List the prime factors of q.
127
Let c(b) = -178*b - 47. What are the prime factors of c(-5)?
3, 281
Let m(k) = k**3 + 8*k**2 + 6*k - 5. Let n be m(-7). Suppose 0 = -n*u + u + a + 49, -5*u + 275 = a. What are the prime factors of u?
2, 3
Suppose 6*w - 20 = w. Suppose 0 = -w*z - y + 8, 3*z = 8*z + 2*y - 7. Suppose -2*u = d, 4*d - 73 + 18 = z*u. What are the prime factors of d?
2, 5
Let h be 3 + 0 + 3 + -4. List the prime factors of h*1/2 - -71.
2, 3
Let u(s) = s**2 - 5*s + 2. Suppose -4 = -k - 9, -11 = -3*w - 2*k. What are the prime factors of u(w)?
2
List the prime factors of 4/4*(-1 + (-2 - -163)).
2, 5
Suppose 12 = -4*w, -3*w = -0*v + 2*v - 9. Let z(u) = u**2 - 5*u. Let k be z(v). Suppose -c = -4*i - k, c + 4*i = 32 + 44. What are the prime factors of c?
2, 7
Let x = -585 + 650. List the prime factors of x.
5, 13
What are the prime factors of ((-6)/4 - 0)/(1/(-542))?
3, 271
Let k = 14 + -14. Suppose k = -3*q - 2*g + 7, g + 3*g + 10 = 2*q. Suppose 0 = -5*l + q*l + 64. What are the prime factors of l?
2
Let p = -9 + 15. Let q be (p/5)/((-1)/5). Let d(l) = -2*l - 1. What are the prime factors of d(q)?
11
What are the prime factors of (8 + 6566/56)/(2/8)?
3, 167
Let n(j) = -j**2 - 10*j - 7. Let s be (3 + -2 - 7) + -3. Let d be n(s). Suppose 0 = -m - d*m + 18. What are the prime factors of m?
2, 3
Suppose 106 = 3*k - 5. Let p = k + -19. List the prime factors of (18/9)/(4/p).
3
Let c(j) = -3*j**2 + 66*j - 47. What are the prime factors of c(21)?
2
Suppose h - 2*m - 30 = -4*h, -4*h + 3*m = -31. List the prime factors of h/(-14) - 648/(-14).
2, 23
Let j(n) = 2*n**2 - 31*n - 136. What are the prime factors of j(29)?
647
Suppose 3*b + 5*t - 4672 = 0, 9*b - t - 7768 = 4*b. What are the prime factors of b?
2, 3, 7, 37
What are the prime factors of (-124)/(-1 + (-5)/(-10))?
2, 31
Let s = 79 - 87. List the prime factors of (86/s - -6)*(-8)/1.
2, 19
Let y = -21 + 26. Let b(r) be the first derivative of -r**4/4 + 8*r**3/3 - 5*r**2/2 - 6*r - 2. List the prime factors of b(y).
2, 11
Let x be 4 + -1 + 4 + -3. Let d(c) = -c**3 - 13*c**2 - 11*c - 3. Let z be d(-12). Let v = x - z. List the prime factors of v.
19
Let v(z) = -z + 13. Let f be v(7). Suppose -f*d + 1 = -101. Suppose -19*p = -20*p + d. What are the prime factors of p?
17
List the prime factors of 10/(-40)*-6 + (-478)/(-4).
11
Suppose 4*g - 408 + 156 = 0. Let l = -32 + 132. Let v = l - g. What are the prime factors of v?
37
Let t = -104 - -128. What are the prime factors of 4/(t/675)*(-32)/(-12)?
2, 3, 5
Let x(h) = -h**2 + 17*h - 9. Let j be x(5). Let d = 186 - j. What are the prime factors of d?
3, 5
Let s(r) = r**3 + 4*r**2 - 13*r - 4. Let z be s(-6). Suppose -z*p + 168 = x, 3*x - 6*x + 539 = -p. List the prime factors of x.
2, 89
Suppose -v = -2*y + 885, 15*v - 1308 = -3*y + 10*v. List the prime factors of y.
3, 7
List the prime factors of (-4)/(-3) - (4 - (-1720)/(-6)).
2, 71
Suppose 0 = l - 2*l + 69. Suppose l = 2*n - 37. List the prime factors of n.
53
Suppose 3*f = 2*k + 17, 6 = -0*k - k - f. Let g(s) = -2*s**3 - 9*s**2 - 5*s - 12. List the prime factors of g(k).
2, 67
Suppose 2*o + 116 = -5*t + 1094, 5*t - 958 = 3*o. List the prime factors of t.
2, 97
Let f(y) = y - 41. Let v be f(-8). Let d = 1 - v. List the prime factors of d.
2, 5
Let t(k) = 18*k + 26. Let p be t(-2). What are the prime factors of 335*(3/10 + p/(-20))?
2, 67
Suppose 0 = -54*d + 59*d + 1285. Let p = -57 - d. List the prime factors of p.
2, 5
Suppose 2*o = r - 5, 4*r = 2*o + r - 1. Let q be (-3)/o + 45/20. Suppose q*f + 5*z = 189 + 31, -f - 4*z + 78 = 0. List the prime factors of f.
2, 5, 7
Let m = -999 + 1527. What are the prime factors of m?
2, 3, 11
Suppose -2*o - 2*i + 116 = 0, -95 - 99 = -3*o + i. Suppose -8*c + o = -c. What are the prime factors of c?
3
Let y(a) = 35*a**3 - a**2 - 2*a + 4. Let u be y(-2). Let v = u + 420. List the prime factors of v.
2, 3
Let f be (-16)/(-20) - (-54)/(-30). What are the prime factors of (f - -1 - -1)/(15/2265)?
151
Let l be ((-4)/(-6))/(1/6). Suppose -l*w + 31 = -113. Let k = w + -11. List the prime factors of k.
5
Suppose -3*g + 7 - 1 = 0. Let z be g + -5 - (-2 + -4). Suppose -z = j + 3*i, 5*j - i - 17 = -0*j. List the prime factors of j.
3
Let c = 66 - 7. Suppose 2*r - 168 = -4*f, 3*f + c = -0*r + r. Suppose 0 = -6*p + r + 268. What are the prime factors of p?
3, 19
Let c(z) = 87*z - 44. What are the prime factors of c(3)?
7, 31
Let l be 28/6 - 7/(-21). Suppose -20 = 4*w - l*w. Suppose 0 = n + 3*d - 12, -n + d + w + 0 = 0. List the prime factors of n.
2, 3
Let q(d) = 3*d + 4. Let b be q(2). List the prime factors of 2816/36 - b/45.
2, 3, 13
Let g = -16 + -214. Let m = 43 - g. What are the prime factors of m?
3, 7, 13
Let s be 1/2 + 1/(-2). Let v = s + 14. List the prime factors of v.
2, 7
Let r = 833 - -54. List the prime factors of r.
887
Let o(h) = -h + 4. Let r(u) = -u - 1. Let y(l) = o(l) + 2*r(l). Let p be y(-1). Suppose 155 = g + 4*g - 4*x, p = -x. List the prime factors of g.
3
Let k = 8 + -13. Let h(a) = a + 5. Let w be h(k). Suppose i - 7 = -0*m - m, w = -3*m + 4*i + 56. What are the prime factors of m?
2, 3
Let i(w) = -2*w**3 + 20*w**2 - 7*w + 12. Suppose 2*m + 3*v - 3 = 0, 2 = 2*m + m + 5*v. What are the prime factors of i(m)?
3, 37
Suppose 0 = 3*m - 5*u - 7128, -5*m = -4*u - 3593 - 8274. List the prime factors of m.
2371
Suppose -51 = 4*r - u, 0 = 4*u - 2 + 6. Let z(q) = -q - 10. Let s be z(r). Suppose 27 = 4*m - s*m. What are the prime factors of m?
3
Let j(u) = 34*u**2 + 5*u - 6. Let f = 64 - 62. List the prime factors of j(f).
2, 5, 7
Let p be (-12)/4 + 24/4. Suppose 69 = p*a - 51. What are the prime factors of a?
2, 5
Let x = -490 - -2279. List the prime factors of x.
1789
Suppose -2*m - 2*m = 88. What are the prime factors of (-8)/(-44) - 1250/m?
3, 19
Suppose -7*i = -i + 2*i. Let m(b) = b**3 + b + 18. What are the prime factors of m(i)?
2, 3
Let n(a) be the first derivative of -a**3/3 - 11*a**2 + 23*a - 12. What are the prime factors of n(-18)?
5, 19
Suppose -3*t + 151 - 22 = 0. Let v = 81 - t. List the prime factors of v.
2, 19
Suppose -4*q = -5*q + 2. Let s be (-2 + 1)/(q/(-4)). Suppose 3*m - 73 - s = 0. List the prime factors of m.
5
Let l be 399/(-27) - 3 - (-2)/(-9). What are the prime factors of -40*(-2)/(-6)*l/8?
2, 3, 5
Suppose -2*y = -7 - 9. Let t(l) = -l**3 + 8*l**2 + 3*l + 4. What are the prime factors of t(y)?
2, 7
Suppose -3*v - 7227 = -5*p, 14*v = 2*p + 11*v - 2898. What are the prime factors of p?
3, 13, 37
Let h(s) = s. Let u(g) = 3*g. Let p(m) = -21*h(m) + 6*u(m). What are the prime factors of p(-3)?
3
Let q = -825 - -969. What are the prime factors of q?
2, 3
Let v(j) = j - 185. Let w be v(0). List the prime factors of -1 - w/5 - 3.
3, 11
Let l = 1156 - 616. List the prime factors of l.
2, 3, 5
Let m be 2 + -5 - 32/(-2). Suppose -2 = -5*q + m. Suppose 19 - q = 2*l. List the prime factors of l.
2
Suppose 0 = b - 4. Suppose -b*i + 0*c - 41 = -c, -4*i + 5*c = 61. Let v(z) = z**2 + 10*z + 11. What are the prime factors of v(i)?
2
Let q be 1/(-4 - (-205)/51). Let s = q - -183. List the prime factors of s.
2, 3, 13
Let m(n) = n - 3. Let j be m(6). Suppose j*f = 23 + 13. Suppose 0 = -3*u + 69 + f. List the prime factors of u.
3
Let i(y) = 9*y**3 + y**2 + 12*y - 13. List the prime factors of i(5).
3, 7, 19
Let w = -189 - -574. What are the prime factors of w?
5, 7